{"id":276,"date":"2011-06-14T18:11:42","date_gmt":"2011-06-14T16:11:42","guid":{"rendered":"http:\/\/coming-up.net\/?page_id=276"},"modified":"2018-07-07T10:04:55","modified_gmt":"2018-07-07T08:04:55","slug":"presse-artikel-nachwuchsband","status":"publish","type":"page","link":"https:\/\/coming-up.net\/?page_id=276","title":{"rendered":"Presse-Artikel Nachwuchsband"},"content":{"rendered":"<h3><a href=\"https:\/\/coming-up.net\/wp-content\/uploads\/trlcup.jpg\"><img loading=\"lazy\" decoding=\"async\" title=\"trlcup\" src=\"https:\/\/coming-up.net\/wp-content\/uploads\/trlcup.jpg\" alt=\"\" width=\"495\" height=\"2\" \/><\/a><\/h3>\n<p><strong>Nachwuchsband des Wilhelm-Hofmann Gymnasium St. Goarshausen<\/strong><\/p>\n<p>Sie stehen in den Startl\u00f6chern und scharren mit den Hufen, offensichtlich unbeeindruckt angesichts ihrer \u00e4lteren Kollegen von Coming up, die 12-15 j\u00e4hrigen Kids von der Nachwuchsband.<br \/>\nDer jugendliche Swing-Omnibus geht ebenso respekt- wie humorvoll mit den sch\u00f6nsten Melodien der Jazz- und Kinogeschichte um, s\u00e4gt aber zwischendrin auch schon mal an einem Rockmonument wie \u201eSmoke On The Water\u201c.<br \/>\nDie S\u00f6hne und T\u00f6chter von Mittelrhein und Taunusplateau werden ihrer Fanfamilie kr\u00e4ftig einheizen; ihr schwungvoller Elan macht jedes Jahr aufs Neue Spa\u00df.<\/p>\n<div id=\"facebook_like\"><iframe src=\"http:\/\/www.facebook.com\/plugins\/like.php?href=https%3A%2F%2Fcoming-up.net%2F%3Fpage_id%3D276&amp;layout=standard&amp;show_faces=true&amp;width=500&amp;action=like&amp;font=segoe+ui&amp;colorscheme=light&amp;height=80\" scrolling=\"no\" frameborder=\"0\" style=\"border:none; overflow:hidden; width:500px; height:80px;\" allowTransparency=\"true\"><\/iframe><\/div>","protected":false},"excerpt":{"rendered":"<p>Nachwuchsband des Wilhelm-Hofmann Gymnasium St. Goarshausen Sie stehen in den Startl\u00f6chern und scharren mit den Hufen, offensichtlich unbeeindruckt angesichts ihrer \u00e4lteren Kollegen von Coming up, die 12-15 j\u00e4hrigen Kids von der Nachwuchsband. Der jugendliche Swing-Omnibus geht ebenso respekt- wie humorvoll mit den sch\u00f6nsten Melodien der Jazz- und Kinogeschichte um, s\u00e4gt aber zwischendrin auch schon mal &hellip; <a href=\"https:\/\/coming-up.net\/?page_id=276\" class=\"more-link\"><span class=\"screen-reader-text\">Presse-Artikel Nachwuchsband<\/span> weiterlesen <span class=\"meta-nav\">&rarr;<\/span><\/a><\/p>\n","protected":false},"author":1,"featured_media":0,"parent":241,"menu_order":3,"comment_status":"closed","ping_status":"closed","template":"","meta":{"footnotes":""},"class_list":["post-276","page","type-page","status-publish","hentry"],"_links":{"self":[{"href":"https:\/\/coming-up.net\/index.php?rest_route=\/wp\/v2\/pages\/276","targetHints":{"allow":["GET"]}}],"collection":[{"href":"https:\/\/coming-up.net\/index.php?rest_route=\/wp\/v2\/pages"}],"about":[{"href":"https:\/\/coming-up.net\/index.php?rest_route=\/wp\/v2\/types\/page"}],"author":[{"embeddable":true,"href":"https:\/\/coming-up.net\/index.php?rest_route=\/wp\/v2\/users\/1"}],"replies":[{"embeddable":true,"href":"https:\/\/coming-up.net\/index.php?rest_route=%2Fwp%2Fv2%2Fcomments&post=276"}],"version-history":[{"count":4,"href":"https:\/\/coming-up.net\/index.php?rest_route=\/wp\/v2\/pages\/276\/revisions"}],"predecessor-version":[{"id":1477,"href":"https:\/\/coming-up.net\/index.php?rest_route=\/wp\/v2\/pages\/276\/revisions\/1477"}],"up":[{"embeddable":true,"href":"https:\/\/coming-up.net\/index.php?rest_route=\/wp\/v2\/pages\/241"}],"wp:attachment":[{"href":"https:\/\/coming-up.net\/index.php?rest_route=%2Fwp%2Fv2%2Fmedia&parent=276"}],"curies":[{"name":"wp","href":"https:\/\/api.w.org\/{rel}","templated":true}]}}